e highest common factor of 198 and 297.
99
What is the greatest common divisor of 58 and 334?
2
What is the greatest common factor of 208 and 39?
13
Calculate the highest common factor of 1390 and 10.
10
What is the greatest common factor of 2786 and 56?
14
What is the greatest common factor of 21 and 672?
21
What is the greatest common factor of 570 and 10?
10
What is the greatest common factor of 144 and 279?
9
What is the greatest common factor of 176 and 64?
16
Calculate the greatest common divisor of 2143 and 1.
1
What is the greatest common divisor of 21 and 1008?
21
Calculate the highest common factor of 123 and 328.
41
Calculate the greatest common divisor of 520 and 80.
40
Calculate the greatest common factor of 603 and 27.
9
What is the greatest common factor of 385 and 105?
35
What is the highest common divisor of 56 and 3682?
14
What is the highest common divisor of 4920 and 82?
82
What is the greatest common divisor of 8 and 13864?
8
What is the greatest common factor of 1355 and 5?
5
Calculate the greatest common divisor of 105 and 345.
15
What is the greatest common divisor of 80 and 460?
20
What is the highest common divisor of 51 and 14008?
17
Calculate the greatest common factor of 2211 and 33.
33
What is the greatest common factor of 52 and 1052?
4
What is the greatest common divisor of 1862 and 56?
14
What is the greatest common factor of 68 and 9214?
34
What is the greatest common factor of 980 and 371?
7
What is the highest common divisor of 378 and 14?
14
What is the greatest common factor of 235 and 10?
5
What is the highest common divisor of 6828 and 84?
12
Calculate the highest common divisor of 7 and 1183.
7
What is the highest common divisor of 60 and 12?
12
What is the greatest common divisor of 12 and 100?
4
Calculate the greatest common factor of 72 and 198.
18
Calculate the highest common factor of 64 and 160.
32
What is the highest common divisor of 80 and 2?
2
Calculate the greatest common divisor of 60 and 125.
5
Calculate the greatest common factor of 502 and 9789.
251
What is the highest common factor of 216 and 54?
54
Calculate the highest common divisor of 40 and 34.
2
Calculate the greatest common divisor of 69 and 5359.
23
What is the greatest common factor of 214 and 41944?
214
What is the highest common divisor of 63 and 36351?
63
What is the greatest common divisor of 3488 and 327?
109
Calculate the highest common divisor of 1629 and 1267.
181
What is the greatest common factor of 19 and 437?
19
What is the greatest common divisor of 6 and 489?
3
Calculate the highest common divisor of 1680 and 700.
140
Calculate the greatest common divisor of 21 and 933.
3
What is the highest common divisor of 15 and 13?
1
Calculate the highest common factor of 121 and 22.
11
What is the greatest common divisor of 4 and 36?
4
Calculate the greatest common divisor of 190 and 38.
38
Calculate the greatest common divisor of 32 and 13472.
32
Calculate the highest common divisor of 1803 and 12.
3
What is the greatest common divisor of 16 and 4416?
16
Calculate the greatest common factor of 17844 and 12.
12
Calculate the greatest common factor of 2086 and 14.
14
What is the greatest common factor of 30 and 2?
2
Calculate the highest common factor of 128 and 180.
4
Calculate the highest common factor of 296 and 9472.
296
Calculate the greatest common divisor of 24003 and 63.
63
What is the highest common divisor of 30 and 16090?
10
Calculate the highest common divisor of 1147 and 31.
31
What is the greatest common factor of 124 and 341?
31
Calculate the greatest common divisor of 5408 and 64.
32
What is the greatest common divisor of 138 and 6624?
138
Calculate the greatest common factor of 299 and 143.
13
What is the highest common divisor of 528 and 192?
48
Calculate the highest common factor of 33812 and 948.
316
Calculate the greatest common divisor of 14 and 1442.
14
What is the highest common divisor of 91 and 1846?
13
What is the greatest common factor of 268 and 67?
67
What is the highest common factor of 171 and 18?
9
What is the highest common divisor of 190 and 114?
38
Calculate the greatest common factor of 364 and 21.
7
What is the highest common divisor of 196 and 343?
49
What is the highest common factor of 100 and 540?
20
Calculate the highest common factor of 658 and 1034.
94
Calculate the highest common factor of 10 and 11530.
10
What is the greatest common factor of 64632 and 24?
24
What is the highest common factor of 50 and 5290?
10
Calculate the highest common factor of 3 and 29.
1
What is the highest common factor of 20 and 115?
5
What is the greatest common factor of 492 and 24?
12
What is the highest common divisor of 1836 and 36?
36
What is the highest common factor of 356 and 18156?
356
Calculate the greatest common divisor of 515 and 10.
5
What is the greatest common divisor of 4012 and 204?
68
Calculate the greatest common factor of 275 and 880.
55
What is the highest common factor of 29 and 2?
1
Calculate the highest common divisor of 16 and 28.
4
What is the highest common factor of 99 and 38511?
99
Calculate the greatest common factor of 803 and 146.
73
Calculate the greatest common factor of 63 and 91.
7
What is the greatest common divisor of 4952 and 40?
8
Calculate the highest common divisor of 210 and 1560.
30
Calculate the greatest common factor of 225 and 153.
9
Calculate the greatest common divisor of 2786 and 56.
14
What is the greatest common divisor of 176 and 8?
8
What is the highest common factor of 65 and 13?
13
Calculate the greatest common factor of 64 and 12.
4
Calculate the highest common divisor of 6951 and 21.
21
What is the greatest common factor of 44 and 3740?
44
Calculate the highest common factor of 36 and 243.
9
Calculate the highest common divisor of 266 and 1463.
133
What is the greatest common divisor of 5786 and 44?
22
Calculate the highest common divisor of 59156 and 92.
92
Calculate the highest common divisor of 9690 and 85.
85
What is the greatest common factor of 72 and 24?
24
What is the highest common factor of 146 and 73?
73
What is the greatest common divisor of 6 and 190?
2
Calculate the highest common factor of 168 and 37464.
168
Calculate the highest common factor of 91 and 497.
7
What is the greatest common divisor of 36972 and 117?
117
Calculate the greatest common factor of 128 and 9600.
128
What is the highest common divisor of 1276 and 748?
44
What is the greatest common factor of 3053 and 43?
43
Calculate the highest common factor of 12 and 1076.
4
Calculate the greatest common factor of 19649 and 98.
49
Calculate the greatest common factor of 50 and 670.
10
Calculate the greatest common factor of 5 and 10445.
5
What is the greatest common factor of 198 and 153?
9
What is the highest common factor of 1391 and 2568?
107
Calculate the highest common divisor of 192 and 5832.
24
Calculate the highest common divisor of 85 and 357.
17
Calculate the greatest common divisor of 555 and 6.
3
What is the greatest common factor of 110 and 335?
5
What is the greatest common divisor of 253 and 319?
11
Calculate the highest common divisor of 81 and 26109.
27
What is the highest common divisor of 553 and 28?
7
Calculate the greatest common divisor of 84 and 8036.
28
Calculate the highest common divisor of 19755 and 45.
45
What is the highest common divisor of 44 and 451?
11
What is the greatest common factor of 50 and 35?
5
What is the highest common divisor of 23920 and 130?
130
What is the highest common factor of 1615 and 190?
95
What is the greatest common divisor of 732 and 4?
4
What is the highest common factor of 693 and 66?
33
Calculate the greatest common factor of 126 and 1107.
9
Calculate the greatest common factor of 43 and 344.
43
What is the highest common divisor of 3078 and 36?
18
Calculate the highest common factor of 60 and 5970.
30
What is the greatest common factor of 31 and 1?
1
What is the greatest common divisor of 2948 and 268?
268
What is the greatest common factor of 16 and 6568?
8
What is the greatest common divisor of 11 and 2915?
11
What is the highest common factor of 4 and 178?
2
Calculate the greatest common divisor of 95 and 133.
19
Calculate the greatest common factor of 288 and 9.
9
What is the highest common divisor of 39